{"id":226,"date":"2023-09-06T12:57:54","date_gmt":"2023-09-06T12:57:54","guid":{"rendered":"http:\/\/10.101.10.196\/revistas\/?page_id=226"},"modified":"2024-05-13T14:07:12","modified_gmt":"2024-05-13T14:07:12","slug":"como-publicar-identifica","status":"publish","type":"page","link":"https:\/\/revistas.fica.unsl.edu.ar\/index.php\/como-publicar-identifica\/","title":{"rendered":"C\u00f3mo Publicar &#8211; IdentiFICA"},"content":{"rendered":"\t\t<div data-elementor-type=\"wp-post\" data-elementor-id=\"226\" class=\"elementor elementor-226\">\n\t\t\t\t\t\t<section class=\"elementor-section elementor-top-section elementor-element elementor-element-36aa449 elementor-section-full_width elementor-section-stretched elementor-section-height-default elementor-section-height-default\" data-id=\"36aa449\" data-element_type=\"section\" data-e-type=\"section\" data-settings=\"{&quot;stretch_section&quot;:&quot;section-stretched&quot;}\">\n\t\t\t\t\t\t<div class=\"elementor-container elementor-column-gap-no\">\n\t\t\t\t\t<div class=\"elementor-column elementor-col-100 elementor-top-column elementor-element elementor-element-af53db7\" data-id=\"af53db7\" data-element_type=\"column\" data-e-type=\"column\" data-settings=\"{&quot;background_background&quot;:&quot;gradient&quot;}\">\n\t\t\t<div class=\"elementor-widget-wrap elementor-element-populated\">\n\t\t\t\t\t\t<div class=\"elementor-element elementor-element-e57abb4 elementor-widget elementor-widget-image\" data-id=\"e57abb4\" data-element_type=\"widget\" data-e-type=\"widget\" data-widget_type=\"image.default\">\n\t\t\t\t<div class=\"elementor-widget-container\">\n\t\t\t\t\t\t\t\t\t\t\t\t\t\t\t<img fetchpriority=\"high\" decoding=\"async\" width=\"843\" height=\"144\" src=\"https:\/\/revistas.fica.unsl.edu.ar\/wp-content\/uploads\/2023\/09\/IdentiFICA_Gris.png\" class=\"attachment-large size-large wp-image-77\" alt=\"\" srcset=\"https:\/\/revistas.fica.unsl.edu.ar\/wp-content\/uploads\/2023\/09\/IdentiFICA_Gris.png 1024w, https:\/\/revistas.fica.unsl.edu.ar\/wp-content\/uploads\/2023\/09\/IdentiFICA_Gris-300x51.png 300w, https:\/\/revistas.fica.unsl.edu.ar\/wp-content\/uploads\/2023\/09\/IdentiFICA_Gris-768x131.png 768w\" sizes=\"(max-width: 843px) 100vw, 843px\" \/>\t\t\t\t\t\t\t\t\t\t\t\t\t\t\t<\/div>\n\t\t\t\t<\/div>\n\t\t\t\t<div class=\"elementor-element elementor-element-8972c16 elementor-widget elementor-widget-text-editor\" data-id=\"8972c16\" data-element_type=\"widget\" data-e-type=\"widget\" data-widget_type=\"text-editor.default\">\n\t\t\t\t<div class=\"elementor-widget-container\">\n\t\t\t\t\t\t\t\t\t<p><strong>ISSN 2953-383X<\/strong><\/p>\t\t\t\t\t\t\t\t<\/div>\n\t\t\t\t<\/div>\n\t\t\t\t\t<\/div>\n\t\t<\/div>\n\t\t\t\t\t<\/div>\n\t\t<\/section>\n\t\t\t\t<section class=\"elementor-section elementor-top-section elementor-element elementor-element-67b0033 elementor-section-full_width elementor-section-height-default elementor-section-height-default\" data-id=\"67b0033\" data-element_type=\"section\" data-e-type=\"section\">\n\t\t\t\t\t\t<div class=\"elementor-container elementor-column-gap-default\">\n\t\t\t\t\t<div class=\"elementor-column elementor-col-20 elementor-top-column elementor-element elementor-element-3a051f2\" data-id=\"3a051f2\" data-element_type=\"column\" data-e-type=\"column\">\n\t\t\t<div class=\"elementor-widget-wrap\">\n\t\t\t\t\t\t\t<\/div>\n\t\t<\/div>\n\t\t\t\t<div class=\"elementor-column elementor-col-20 elementor-top-column elementor-element elementor-element-caca898\" data-id=\"caca898\" data-element_type=\"column\" data-e-type=\"column\">\n\t\t\t<div class=\"elementor-widget-wrap\">\n\t\t\t\t\t\t\t<\/div>\n\t\t<\/div>\n\t\t\t\t<div class=\"elementor-column elementor-col-20 elementor-top-column elementor-element elementor-element-6626146\" data-id=\"6626146\" data-element_type=\"column\" data-e-type=\"column\">\n\t\t\t<div class=\"elementor-widget-wrap\">\n\t\t\t\t\t\t\t<\/div>\n\t\t<\/div>\n\t\t\t\t<div class=\"elementor-column elementor-col-20 elementor-top-column elementor-element elementor-element-618b301\" data-id=\"618b301\" data-element_type=\"column\" data-e-type=\"column\">\n\t\t\t<div class=\"elementor-widget-wrap\">\n\t\t\t\t\t\t\t<\/div>\n\t\t<\/div>\n\t\t\t\t<div class=\"elementor-column elementor-col-20 elementor-top-column elementor-element elementor-element-375c80f\" data-id=\"375c80f\" data-element_type=\"column\" data-e-type=\"column\">\n\t\t\t<div class=\"elementor-widget-wrap elementor-element-populated\">\n\t\t\t\t\t\t<div class=\"elementor-element elementor-element-54dadbc premium-nav-slide premium-slide-auto elementor-widget elementor-widget-premium-nav-menu\" data-id=\"54dadbc\" data-element_type=\"widget\" data-e-type=\"widget\" data-settings=\"{&quot;submenu_icon&quot;:{&quot;value&quot;:&quot;fas fa-angle-down&quot;,&quot;library&quot;:&quot;fa-solid&quot;},&quot;submenu_item_icon&quot;:{&quot;value&quot;:&quot;&quot;,&quot;library&quot;:&quot;&quot;}}\" data-widget_type=\"premium-nav-menu.default\">\n\t\t\t\t<div class=\"elementor-widget-container\">\n\t\t\t\t\t\t\t\t<div data-settings=\"{&quot;breakpoint&quot;:0,&quot;mobileLayout&quot;:null,&quot;mainLayout&quot;:&quot;slide&quot;,&quot;stretchDropdown&quot;:false,&quot;hoverEffect&quot;:&quot;pulse&quot;,&quot;submenuEvent&quot;:null,&quot;submenuTrigger&quot;:&quot;item&quot;,&quot;closeAfterClick&quot;:false,&quot;renderMobileMenu&quot;:true}\" class=\"premium-nav-widget-container premium-nav-pointer-none\" style=\"visibility:hidden; opacity:0;\">\r\n\t\t\t\t<div class=\"premium-ver-inner-container\">\r\n\t\t\t\t\t\t\t\t\t<div class=\"premium-hamburger-toggle premium-mobile-menu-icon\" role=\"button\" aria-label=\"Toggle Menu\">\r\n\t\t\t\t\t\t<span class=\"premium-toggle-text\">\r\n\t\t\t\t\t\t\t<i aria-hidden=\"true\" class=\"fas fa-bars\"><\/i>Menu\t\t\t\t\t\t<\/span>\r\n\t\t\t\t\t\t<span class=\"premium-toggle-close\">\r\n\t\t\t\t\t\t\t<i aria-hidden=\"true\" class=\"fas fa-times\"><\/i>Close\t\t\t\t\t\t<\/span>\r\n\t\t\t\t\t<\/div>\r\n\t\t\t\t\t\t\t\t\t\t\t<div class=\"premium-nav-slide-overlay\"><\/div>\r\n\t\t\t\t\t\t<div class=\"premium-mobile-menu-outer-container\">\r\n\t\t\t\t\t\t\t<div class=\"premium-mobile-menu-close\" role=\"button\" aria-label=\"Close Menu\">\r\n\t\t\t\t\t\t\t<i aria-hidden=\"true\" class=\"fas fa-times\"><\/i>\t\t\t\t\t\t\t\t<span class=\"premium-toggle-close\">Close<\/span>\r\n\t\t\t\t\t\t<\/div>\r\n\t\t\t\t\t\t\t\t\t\t\t\t<div class=\"premium-mobile-menu-container\">\r\n\t\t\t\t\t\t\t\t\t\t\t\t\t\t\t\t<ul id=\"menu-identifica-1\" class=\"premium-mobile-menu premium-main-mobile-menu premium-main-nav-menu\"><li id=\"premium-nav-menu-item-2061\" class=\"menu-item menu-item-type-post_type menu-item-object-page premium-nav-menu-item\"><a href=\"https:\/\/revistas.fica.unsl.edu.ar\/index.php\/identifica\/\" class=\"premium-menu-link premium-menu-link-parent premium-lq__none\">IdentiFICA<\/a><\/li>\n<li id=\"premium-nav-menu-item-2312\" class=\"menu-item menu-item-type-post_type menu-item-object-page premium-nav-menu-item\"><a href=\"https:\/\/revistas.fica.unsl.edu.ar\/index.php\/como-publicar-identifica\/\" class=\"premium-menu-link premium-menu-link-parent premium-lq__none\">C\u00f3mo Publicar<\/a><\/li>\n<li id=\"premium-nav-menu-item-2573\" class=\"menu-item menu-item-type-post_type menu-item-object-page premium-nav-menu-item\"><a href=\"https:\/\/revistas.fica.unsl.edu.ar\/index.php\/areas-tematicas-identifica\/\" class=\"premium-menu-link premium-menu-link-parent premium-lq__none\">\u00c1reas Tem\u00e1ticas<\/a><\/li>\n<li id=\"premium-nav-menu-item-2514\" class=\"menu-item menu-item-type-post_type menu-item-object-page premium-nav-menu-item\"><a href=\"https:\/\/revistas.fica.unsl.edu.ar\/index.php\/equipo-editorial-identifica\/\" class=\"premium-menu-link premium-menu-link-parent premium-lq__none\">Equipo Editorial<\/a><\/li>\n<li id=\"premium-nav-menu-item-2505\" class=\"menu-item menu-item-type-post_type menu-item-object-page premium-nav-menu-item\"><a href=\"https:\/\/revistas.fica.unsl.edu.ar\/index.php\/comite-revisor\/\" class=\"premium-menu-link premium-menu-link-parent premium-lq__none\">Comit\u00e9 Revisor<\/a><\/li>\n<li id=\"premium-nav-menu-item-2496\" class=\"menu-item menu-item-type-post_type menu-item-object-page premium-nav-menu-item\"><a href=\"https:\/\/revistas.fica.unsl.edu.ar\/index.php\/contactos\/\" class=\"premium-menu-link premium-menu-link-parent premium-lq__none\">Contactos<\/a><\/li>\n<\/ul>\t\t\t\t\t\t\t\t\t\t\t\t\t\t\t<\/div>\r\n\t\t\t\t\t<\/div>\t\t\t\t<\/div>\r\n\t\t\t<\/div>\r\n\t\t\t\t\t\t<\/div>\n\t\t\t\t<\/div>\n\t\t\t\t\t<\/div>\n\t\t<\/div>\n\t\t\t\t\t<\/div>\n\t\t<\/section>\n\t\t\t\t<section class=\"elementor-section elementor-top-section elementor-element elementor-element-9cb9e68 elementor-section-boxed elementor-section-height-default elementor-section-height-default\" data-id=\"9cb9e68\" data-element_type=\"section\" data-e-type=\"section\">\n\t\t\t\t\t\t<div class=\"elementor-container elementor-column-gap-default\">\n\t\t\t\t\t<div class=\"elementor-column elementor-col-100 elementor-top-column elementor-element elementor-element-da824ae\" data-id=\"da824ae\" data-element_type=\"column\" data-e-type=\"column\">\n\t\t\t<div class=\"elementor-widget-wrap elementor-element-populated\">\n\t\t\t\t\t\t<div class=\"elementor-element elementor-element-eca3ee5 elementor-widget elementor-widget-heading\" data-id=\"eca3ee5\" data-element_type=\"widget\" data-e-type=\"widget\" data-widget_type=\"heading.default\">\n\t\t\t\t<div class=\"elementor-widget-container\">\n\t\t\t\t\t<h2 class=\"elementor-heading-title elementor-size-default\">\u00bfC\u00f3mo Publicar?<\/h2>\t\t\t\t<\/div>\n\t\t\t\t<\/div>\n\t\t\t\t<div class=\"elementor-element elementor-element-1195e4a elementor-widget elementor-widget-text-editor\" data-id=\"1195e4a\" data-element_type=\"widget\" data-e-type=\"widget\" data-widget_type=\"text-editor.default\">\n\t\t\t\t<div class=\"elementor-widget-container\">\n\t\t\t\t\t\t\t\t\t<p>Los art\u00edculos publicados en la revista se corresponden a las ponencias presentadas en el marco de la <strong>Semana de la Ingenier\u00eda \u2013 Semana FICA (SI.FICA),<\/strong> por docentes investigadores, extensionistas o integrantes de grupos de servicio, tesistas de posgrado o estudiantes avanzados que est\u00e9n realizando su trabajo final, pasant\u00edas o becas en nuestra unidad acad\u00e9mica.<\/p><p>La publicaci\u00f3n es de car\u00e1cter gratuito, con el \u00fanico requisito que al menos uno de los autores deber\u00e1 ser docente, o estudiante de la\u00a0FICA, por lo que invitamos a toda la comunidad a sumarse a este evento que a\u00f1o tras a\u00f1o permite mostrar nuestra labor e identificarnos tanto dentro como fuera de la instituci\u00f3n.<\/p><p>La convocatoria a presentaci\u00f3n de res\u00famenes se realiza cada a\u00f1o en el marco de la <strong>SI.FICA<\/strong> y los res\u00famenes presentados son sometidos a un proceso de revisi\u00f3n por parte de un comit\u00e9, aquellos trabajos seleccionados debe exponerse durante la <strong>SI.FICA<\/strong> para su inclusi\u00f3n en la revista.<\/p><p>Para mantenerse informado visite <a href=\"http:\/\/si.fica.unsl.edu.ar\">http:\/\/si.fica.unsl.edu.ar<\/a><\/p>\t\t\t\t\t\t\t\t<\/div>\n\t\t\t\t<\/div>\n\t\t\t\t<div class=\"elementor-element elementor-element-46c3637 elementor-widget elementor-widget-spacer\" data-id=\"46c3637\" data-element_type=\"widget\" data-e-type=\"widget\" data-widget_type=\"spacer.default\">\n\t\t\t\t<div class=\"elementor-widget-container\">\n\t\t\t\t\t\t\t<div class=\"elementor-spacer\">\n\t\t\t<div class=\"elementor-spacer-inner\"><\/div>\n\t\t<\/div>\n\t\t\t\t\t\t<\/div>\n\t\t\t\t<\/div>\n\t\t\t\t\t<\/div>\n\t\t<\/div>\n\t\t\t\t\t<\/div>\n\t\t<\/section>\n\t\t\t\t<section class=\"elementor-section elementor-top-section elementor-element elementor-element-0219f34 elementor-section-full_width elementor-section-content-bottom elementor-section-stretched elementor-section-height-default elementor-section-height-default\" data-id=\"0219f34\" data-element_type=\"section\" data-e-type=\"section\" data-settings=\"{&quot;stretch_section&quot;:&quot;section-stretched&quot;,&quot;background_background&quot;:&quot;classic&quot;}\">\n\t\t\t\t\t\t<div class=\"elementor-container elementor-column-gap-default\">\n\t\t\t\t\t<div class=\"elementor-column elementor-col-100 elementor-top-column elementor-element elementor-element-bf939e2\" data-id=\"bf939e2\" data-element_type=\"column\" data-e-type=\"column\">\n\t\t\t<div class=\"elementor-widget-wrap elementor-element-populated\">\n\t\t\t\t\t\t<div class=\"elementor-element elementor-element-7446979 elementor-widget elementor-widget-text-editor\" data-id=\"7446979\" data-element_type=\"widget\" data-e-type=\"widget\" data-widget_type=\"text-editor.default\">\n\t\t\t\t<div class=\"elementor-widget-container\">\n\t\t\t\t\t\t\t\t\t<p>IdentiFICA\u00a0 ISSN 2953-383X<br \/><strong>Direcci\u00f3n postal:<\/strong>\u00a0Ruta Provincial N\u00b055 Extremo norte, Villa Mercedes (D5730EKQ), San Luis, Argentina.<\/p>\t\t\t\t\t\t\t\t<\/div>\n\t\t\t\t<\/div>\n\t\t\t\t\t<\/div>\n\t\t<\/div>\n\t\t\t\t\t<\/div>\n\t\t<\/section>\n\t\t\t\t<\/div>\n\t\t","protected":false},"excerpt":{"rendered":"<p>ISSN 2953-383X Menu Close Close IdentiFICA C\u00f3mo Publicar \u00c1reas Tem\u00e1ticas Equipo Editorial Comit\u00e9 Revisor Contactos \u00bfC\u00f3mo Publicar? Los art\u00edculos publicados en la revista se corresponden&hellip;<\/p>\n","protected":false},"author":1,"featured_media":0,"parent":0,"menu_order":0,"comment_status":"closed","ping_status":"closed","template":"","meta":{"om_disable_all_campaigns":false,"_exactmetrics_skip_tracking":false,"_exactmetrics_sitenote_active":false,"_exactmetrics_sitenote_note":"","_exactmetrics_sitenote_category":0,"_uf_show_specific_survey":0,"_uf_disable_surveys":false,"footnotes":""},"class_list":["post-226","page","type-page","status-publish","hentry"],"yoast_head":"<!-- This site is optimized with the Yoast SEO plugin v26.9 - https:\/\/yoast.com\/product\/yoast-seo-wordpress\/ -->\n<title>C\u00f3mo Publicar - IdentiFICA - Revistas FICA<\/title>\n<meta name=\"robots\" content=\"index, follow, max-snippet:-1, max-image-preview:large, max-video-preview:-1\" \/>\n<link rel=\"canonical\" href=\"https:\/\/revistas.fica.unsl.edu.ar\/index.php\/como-publicar-identifica\/\" \/>\n<meta property=\"og:locale\" content=\"es_ES\" \/>\n<meta property=\"og:type\" content=\"article\" \/>\n<meta property=\"og:title\" content=\"C\u00f3mo Publicar - IdentiFICA - Revistas FICA\" \/>\n<meta property=\"og:description\" content=\"ISSN 2953-383X Menu Close Close IdentiFICA C\u00f3mo Publicar \u00c1reas Tem\u00e1ticas Equipo Editorial Comit\u00e9 Revisor Contactos \u00bfC\u00f3mo Publicar? Los art\u00edculos publicados en la revista se corresponden&hellip;\" \/>\n<meta property=\"og:url\" content=\"https:\/\/revistas.fica.unsl.edu.ar\/index.php\/como-publicar-identifica\/\" \/>\n<meta property=\"og:site_name\" content=\"Revistas FICA\" \/>\n<meta property=\"article:modified_time\" content=\"2024-05-13T14:07:12+00:00\" \/>\n<meta property=\"og:image\" content=\"https:\/\/revistas.fica.unsl.edu.ar\/wp-content\/uploads\/2023\/09\/IdentiFICA_Gris.png\" \/>\n<meta name=\"twitter:card\" content=\"summary_large_image\" \/>\n<meta name=\"twitter:label1\" content=\"Tiempo de lectura\" \/>\n\t<meta name=\"twitter:data1\" content=\"2 minutos\" \/>\n<script type=\"application\/ld+json\" class=\"yoast-schema-graph\">{\"@context\":\"https:\/\/schema.org\",\"@graph\":[{\"@type\":\"WebPage\",\"@id\":\"https:\/\/revistas.fica.unsl.edu.ar\/index.php\/como-publicar-identifica\/\",\"url\":\"https:\/\/revistas.fica.unsl.edu.ar\/index.php\/como-publicar-identifica\/\",\"name\":\"C\u00f3mo Publicar - IdentiFICA - Revistas FICA\",\"isPartOf\":{\"@id\":\"https:\/\/revistas.fica.unsl.edu.ar\/#website\"},\"primaryImageOfPage\":{\"@id\":\"https:\/\/revistas.fica.unsl.edu.ar\/index.php\/como-publicar-identifica\/#primaryimage\"},\"image\":{\"@id\":\"https:\/\/revistas.fica.unsl.edu.ar\/index.php\/como-publicar-identifica\/#primaryimage\"},\"thumbnailUrl\":\"https:\/\/revistas.fica.unsl.edu.ar\/wp-content\/uploads\/2023\/09\/IdentiFICA_Gris.png\",\"datePublished\":\"2023-09-06T12:57:54+00:00\",\"dateModified\":\"2024-05-13T14:07:12+00:00\",\"breadcrumb\":{\"@id\":\"https:\/\/revistas.fica.unsl.edu.ar\/index.php\/como-publicar-identifica\/#breadcrumb\"},\"inLanguage\":\"es-AR\",\"potentialAction\":[{\"@type\":\"ReadAction\",\"target\":[\"https:\/\/revistas.fica.unsl.edu.ar\/index.php\/como-publicar-identifica\/\"]}]},{\"@type\":\"ImageObject\",\"inLanguage\":\"es-AR\",\"@id\":\"https:\/\/revistas.fica.unsl.edu.ar\/index.php\/como-publicar-identifica\/#primaryimage\",\"url\":\"https:\/\/revistas.fica.unsl.edu.ar\/wp-content\/uploads\/2023\/09\/IdentiFICA_Gris.png\",\"contentUrl\":\"https:\/\/revistas.fica.unsl.edu.ar\/wp-content\/uploads\/2023\/09\/IdentiFICA_Gris.png\",\"width\":1024,\"height\":175},{\"@type\":\"BreadcrumbList\",\"@id\":\"https:\/\/revistas.fica.unsl.edu.ar\/index.php\/como-publicar-identifica\/#breadcrumb\",\"itemListElement\":[{\"@type\":\"ListItem\",\"position\":1,\"name\":\"Inicio\",\"item\":\"https:\/\/revistas.fica.unsl.edu.ar\/\"},{\"@type\":\"ListItem\",\"position\":2,\"name\":\"C\u00f3mo Publicar &#8211; IdentiFICA\"}]},{\"@type\":\"WebSite\",\"@id\":\"https:\/\/revistas.fica.unsl.edu.ar\/#website\",\"url\":\"https:\/\/revistas.fica.unsl.edu.ar\/\",\"name\":\"Revistas FICA\",\"description\":\"\",\"publisher\":{\"@id\":\"https:\/\/revistas.fica.unsl.edu.ar\/#organization\"},\"potentialAction\":[{\"@type\":\"SearchAction\",\"target\":{\"@type\":\"EntryPoint\",\"urlTemplate\":\"https:\/\/revistas.fica.unsl.edu.ar\/?s={search_term_string}\"},\"query-input\":{\"@type\":\"PropertyValueSpecification\",\"valueRequired\":true,\"valueName\":\"search_term_string\"}}],\"inLanguage\":\"es-AR\"},{\"@type\":\"Organization\",\"@id\":\"https:\/\/revistas.fica.unsl.edu.ar\/#organization\",\"name\":\"Revistas FICA\",\"url\":\"https:\/\/revistas.fica.unsl.edu.ar\/\",\"logo\":{\"@type\":\"ImageObject\",\"inLanguage\":\"es-AR\",\"@id\":\"https:\/\/revistas.fica.unsl.edu.ar\/#\/schema\/logo\/image\/\",\"url\":\"https:\/\/revistas.fica.unsl.edu.ar\/wp-content\/uploads\/2023\/09\/cropped-FICA_logo_letras-1080-1-1.png\",\"contentUrl\":\"https:\/\/revistas.fica.unsl.edu.ar\/wp-content\/uploads\/2023\/09\/cropped-FICA_logo_letras-1080-1-1.png\",\"width\":4664,\"height\":2106,\"caption\":\"Revistas FICA\"},\"image\":{\"@id\":\"https:\/\/revistas.fica.unsl.edu.ar\/#\/schema\/logo\/image\/\"}}]}<\/script>\n<!-- \/ Yoast SEO plugin. -->","yoast_head_json":{"title":"C\u00f3mo Publicar - IdentiFICA - Revistas FICA","robots":{"index":"index","follow":"follow","max-snippet":"max-snippet:-1","max-image-preview":"max-image-preview:large","max-video-preview":"max-video-preview:-1"},"canonical":"https:\/\/revistas.fica.unsl.edu.ar\/index.php\/como-publicar-identifica\/","og_locale":"es_ES","og_type":"article","og_title":"C\u00f3mo Publicar - IdentiFICA - Revistas FICA","og_description":"ISSN 2953-383X Menu Close Close IdentiFICA C\u00f3mo Publicar \u00c1reas Tem\u00e1ticas Equipo Editorial Comit\u00e9 Revisor Contactos \u00bfC\u00f3mo Publicar? Los art\u00edculos publicados en la revista se corresponden&hellip;","og_url":"https:\/\/revistas.fica.unsl.edu.ar\/index.php\/como-publicar-identifica\/","og_site_name":"Revistas FICA","article_modified_time":"2024-05-13T14:07:12+00:00","og_image":[{"url":"https:\/\/revistas.fica.unsl.edu.ar\/wp-content\/uploads\/2023\/09\/IdentiFICA_Gris.png","type":"","width":"","height":""}],"twitter_card":"summary_large_image","twitter_misc":{"Tiempo de lectura":"2 minutos"},"schema":{"@context":"https:\/\/schema.org","@graph":[{"@type":"WebPage","@id":"https:\/\/revistas.fica.unsl.edu.ar\/index.php\/como-publicar-identifica\/","url":"https:\/\/revistas.fica.unsl.edu.ar\/index.php\/como-publicar-identifica\/","name":"C\u00f3mo Publicar - IdentiFICA - Revistas FICA","isPartOf":{"@id":"https:\/\/revistas.fica.unsl.edu.ar\/#website"},"primaryImageOfPage":{"@id":"https:\/\/revistas.fica.unsl.edu.ar\/index.php\/como-publicar-identifica\/#primaryimage"},"image":{"@id":"https:\/\/revistas.fica.unsl.edu.ar\/index.php\/como-publicar-identifica\/#primaryimage"},"thumbnailUrl":"https:\/\/revistas.fica.unsl.edu.ar\/wp-content\/uploads\/2023\/09\/IdentiFICA_Gris.png","datePublished":"2023-09-06T12:57:54+00:00","dateModified":"2024-05-13T14:07:12+00:00","breadcrumb":{"@id":"https:\/\/revistas.fica.unsl.edu.ar\/index.php\/como-publicar-identifica\/#breadcrumb"},"inLanguage":"es-AR","potentialAction":[{"@type":"ReadAction","target":["https:\/\/revistas.fica.unsl.edu.ar\/index.php\/como-publicar-identifica\/"]}]},{"@type":"ImageObject","inLanguage":"es-AR","@id":"https:\/\/revistas.fica.unsl.edu.ar\/index.php\/como-publicar-identifica\/#primaryimage","url":"https:\/\/revistas.fica.unsl.edu.ar\/wp-content\/uploads\/2023\/09\/IdentiFICA_Gris.png","contentUrl":"https:\/\/revistas.fica.unsl.edu.ar\/wp-content\/uploads\/2023\/09\/IdentiFICA_Gris.png","width":1024,"height":175},{"@type":"BreadcrumbList","@id":"https:\/\/revistas.fica.unsl.edu.ar\/index.php\/como-publicar-identifica\/#breadcrumb","itemListElement":[{"@type":"ListItem","position":1,"name":"Inicio","item":"https:\/\/revistas.fica.unsl.edu.ar\/"},{"@type":"ListItem","position":2,"name":"C\u00f3mo Publicar &#8211; IdentiFICA"}]},{"@type":"WebSite","@id":"https:\/\/revistas.fica.unsl.edu.ar\/#website","url":"https:\/\/revistas.fica.unsl.edu.ar\/","name":"Revistas FICA","description":"","publisher":{"@id":"https:\/\/revistas.fica.unsl.edu.ar\/#organization"},"potentialAction":[{"@type":"SearchAction","target":{"@type":"EntryPoint","urlTemplate":"https:\/\/revistas.fica.unsl.edu.ar\/?s={search_term_string}"},"query-input":{"@type":"PropertyValueSpecification","valueRequired":true,"valueName":"search_term_string"}}],"inLanguage":"es-AR"},{"@type":"Organization","@id":"https:\/\/revistas.fica.unsl.edu.ar\/#organization","name":"Revistas FICA","url":"https:\/\/revistas.fica.unsl.edu.ar\/","logo":{"@type":"ImageObject","inLanguage":"es-AR","@id":"https:\/\/revistas.fica.unsl.edu.ar\/#\/schema\/logo\/image\/","url":"https:\/\/revistas.fica.unsl.edu.ar\/wp-content\/uploads\/2023\/09\/cropped-FICA_logo_letras-1080-1-1.png","contentUrl":"https:\/\/revistas.fica.unsl.edu.ar\/wp-content\/uploads\/2023\/09\/cropped-FICA_logo_letras-1080-1-1.png","width":4664,"height":2106,"caption":"Revistas FICA"},"image":{"@id":"https:\/\/revistas.fica.unsl.edu.ar\/#\/schema\/logo\/image\/"}}]}},"_links":{"self":[{"href":"https:\/\/revistas.fica.unsl.edu.ar\/index.php\/wp-json\/wp\/v2\/pages\/226","targetHints":{"allow":["GET"]}}],"collection":[{"href":"https:\/\/revistas.fica.unsl.edu.ar\/index.php\/wp-json\/wp\/v2\/pages"}],"about":[{"href":"https:\/\/revistas.fica.unsl.edu.ar\/index.php\/wp-json\/wp\/v2\/types\/page"}],"author":[{"embeddable":true,"href":"https:\/\/revistas.fica.unsl.edu.ar\/index.php\/wp-json\/wp\/v2\/users\/1"}],"replies":[{"embeddable":true,"href":"https:\/\/revistas.fica.unsl.edu.ar\/index.php\/wp-json\/wp\/v2\/comments?post=226"}],"version-history":[{"count":20,"href":"https:\/\/revistas.fica.unsl.edu.ar\/index.php\/wp-json\/wp\/v2\/pages\/226\/revisions"}],"predecessor-version":[{"id":430,"href":"https:\/\/revistas.fica.unsl.edu.ar\/index.php\/wp-json\/wp\/v2\/pages\/226\/revisions\/430"}],"wp:attachment":[{"href":"https:\/\/revistas.fica.unsl.edu.ar\/index.php\/wp-json\/wp\/v2\/media?parent=226"}],"curies":[{"name":"wp","href":"https:\/\/api.w.org\/{rel}","templated":true}]}}